e tens digit of 8860860?
6
What is the ten thousands digit of 1684765?
8
What is the hundreds digit of 403715?
7
What is the ten millions digit of 22861375?
2
What is the hundred thousands digit of 1541933?
5
What is the hundred thousands digit of 201224?
2
What is the hundred thousands digit of 4989150?
9
What is the hundreds digit of 6613525?
5
What is the tens digit of 1322132?
3
What is the ten thousands digit of 2061936?
6
What is the tens digit of 38239?
3
What is the ten thousands digit of 124084?
2
What is the thousands digit of 12967318?
7
What is the ten thousands digit of 30806385?
0
What is the tens digit of 11298380?
8
What is the units digit of 888780?
0
What is the hundred thousands digit of 2223462?
2
What is the hundred thousands digit of 2136318?
1
What is the thousands digit of 2924107?
4
What is the hundred thousands digit of 367383?
3
What is the units digit of 2391570?
0
What is the ten thousands digit of 77780?
7
What is the units digit of 16366?
6
What is the hundred thousands digit of 23274386?
2
What is the hundred thousands digit of 28336130?
3
What is the hundreds digit of 451344?
3
What is the hundreds digit of 78520?
5
What is the hundreds digit of 3891479?
4
What is the hundred thousands digit of 115868?
1
What is the thousands digit of 438241?
8
What is the thousands digit of 4957291?
7
What is the tens digit of 107343?
4
What is the hundred thousands digit of 3761839?
7
What is the hundreds digit of 3508479?
4
What is the hundreds digit of 1899841?
8
What is the hundred thousands digit of 1541028?
5
What is the hundreds digit of 769970?
9
What is the ten thousands digit of 464082?
6
What is the thousands digit of 85602?
5
What is the tens digit of 393709?
0
What is the units digit of 16550847?
7
What is the tens digit of 363185?
8
What is the hundreds digit of 1192079?
0
What is the hundred thousands digit of 666168?
6
What is the tens digit of 1026164?
6
What is the hundred thousands digit of 891220?
8
What is the hundred thousands digit of 7476982?
4
What is the millions digit of 10485257?
0
What is the ten thousands digit of 300303?
0
What is the hundred thousands digit of 1555353?
5
What is the ten millions digit of 35349885?
3
What is the tens digit of 3675770?
7
What is the thousands digit of 151259?
1
What is the units digit of 1508231?
1
What is the hundreds digit of 9995592?
5
What is the tens digit of 10423020?
2
What is the tens digit of 2146308?
0
What is the ten thousands digit of 537530?
3
What is the ten thousands digit of 625368?
2
What is the hundred thousands digit of 1921231?
9
What is the hundreds digit of 219250?
2
What is the tens digit of 4690920?
2
What is the tens digit of 29345058?
5
What is the hundred thousands digit of 306899?
3
What is the tens digit of 1364844?
4
What is the ten thousands digit of 12946?
1
What is the hundred thousands digit of 2321257?
3
What is the hundred thousands digit of 768604?
7
What is the tens digit of 155556?
5
What is the tens digit of 5945509?
0
What is the hundreds digit of 3865674?
6
What is the hundreds digit of 382215?
2
What is the units digit of 60537?
7
What is the hundreds digit of 36089?
0
What is the tens digit of 31183687?
8
What is the units digit of 84349?
9
What is the millions digit of 1326614?
1
What is the ten thousands digit of 944620?
4
What is the tens digit of 396061?
6
What is the hundreds digit of 194109?
1
What is the hundreds digit of 795753?
7
What is the tens digit of 5446195?
9
What is the hundreds digit of 389668?
6
What is the units digit of 95997?
7
What is the hundreds digit of 304167?
1
What is the units digit of 15181194?
4
What is the tens digit of 891873?
7
What is the tens digit of 5099047?
4
What is the tens digit of 222391?
9
What is the millions digit of 6301731?
6
What is the hundreds digit of 173056?
0
What is the hundreds digit of 31600?
6
What is the hundreds digit of 2071626?
6
What is the ten thousands digit of 15977581?
7
What is the hundred thousands digit of 5943705?
9
What is the thousands digit of 1640248?
0
What is the millions digit of 1162882?
1
What is the tens digit of 1510309?
0
What is the tens digit of 343866?
6
What is the hundred thousands digit of 4893695?
8
What is the ten thousands digit of 21908258?
0
What is the ten thousands digit of 4807207?
0
What is the units digit of 481222?
2
What is the thousands digit of 2742757?
2
What is the thousands digit of 2247975?
7
What is the units digit of 198529?
9
What is the thousands digit of 260026?
0
What is the tens digit of 479439?
3
What is the ten thousands digit of 1375149?
7
What is the hundreds digit of 68038?
0
What is the units digit of 840875?
5
What is the hundreds digit of 281119?
1
What is the units digit of 843606?
6
What is the tens digit of 7527279?
7
What is the tens digit of 11007617?
1
What is the millions digit of 5421753?
5
What is the hundreds digit of 12019882?
8
What is the ten thousands digit of 246112?
4
What is the tens digit of 104354?
5
What is the thousands digit of 10505816?
5
What is the tens digit of 613426?
2
What is the thousands digit of 34377?
4
What is the tens digit of 258921?
2
What is the thousands digit of 173756?
3
What is the millions digit of 1266940?
1
What is the units digit of 6705276?
6
What is the ten thousands digit of 11850737?
5
What is the units digit of 106035?
5
What is the hundred thousands digit of 1379778?
3
What is the tens digit of 12998751?
5
What is the tens digit of 78498?
9
What is the units digit of 2718573?
3
What is the thousands digit of 6121773?
1
What is the hundred thousands digit of 157100?
1
What is the hundreds digit of 1115609?
6
What is the millions digit of 1158306?
1
What is the thousands digit of 7926076?
6
What is the ten millions digit of 20425347?
2
What is the units digit of 2111076?
6
What is the thousands digit of 15496809?
6
What is the millions digit of 1354355?
1
What is the thousands digit of 177772?
7
What is the ten thousands digit of 4333935?
3
What is the tens digit of 1831629?
2
What is the thousands digit of 7887?
7
What is the tens digit of 1699646?
4
What is the hundred thousands digit of 2473849?
4
What is the hundred thousands digit of 725103?
7
What is the hundred thousands digit of 808501?
8
What is the millions digit of 5222298?
5
What is the units digit of 179641?
1
What is the hundreds digit of 216307?
3
What is the hundreds digit of 3100979?
9
What is the thousands digit of 2009557?
9
What is the thousands digit of 1099646?
9
What is the ten thousands digit of 150662?
5
What is the thousands digit of 9867342?
7
What is the hundreds digit of 853?
8
What is the millions digit of 13245494?
3
What is the hundreds digit of 53666?
6
What is the millions digit of 15497794?
5
What is the hundreds digit of 1407100?
1
What is the ten thousands digit of 315045?
1
What is the hundreds digit of 1389421?
4
What is the tens digit of 132710?
1
What is the thousands digit of 2470325?
0
What is the thousands digit of 72306?
2
What is the hundred thousands digit of 10400015?
4
What is the hundred thousands digit of 200283?
2
What is the units digit of 852481?
1
What is the ten millions digit of 20633835?
2
What is the tens digit of 425006?
0
What is the ten thousands digit of 191268?
9
What is the tens digit of 3654901?
0
What is the hundred thousands digit of 514792?
5
What is the units digit of 13556069?
9
What is the ten thousands digit of 2668046?
6
What is the hundreds digit of 60845?
8
What is the units digit of 436969?
9
What is the thousands digit of 4805413?
5
What is the ten thousands digit of 7364498?
6
What is the hundreds digit of 288711?
7
What is the thousands digit of 3954942?
4
What is the thousands digit of 1004?
1
What is the hundreds digit of 875395?
3
What is the hundred thousands digit of 8223849?
2
What is the thousands digit of 34822?
4
What is the tens digit of 3047625?
2
What is the thousands digit of 214334?
4
What is the tens digit of 704154?
5
What is the ten thousands digit of 31654?
3
What is the units digit of 282393?
3
What is the hundreds digit of 6111501?
5
What is the hundred thousands digit of 3317421?
3
What is the millions digit of 3171033?
3
What is the hundred thousands digit of 272195?
2
What is the thousands digit